= 1, 0 = -4*r - 2*i + 12. Suppose -4*a = 3*s + 52, -4*s - a = r*a + 76. What are the prime factors of (s/9)/(1/(-12))?
2
Let z = -162 - -81. Let c = z - -37. Let x = c + 108. List the prime factors of x.
2
Let o(m) = m**3 + 9*m**2 - 25*m + 9. What are the prime factors of o(-6)?
3, 89
Suppose -2*m = 2*m - 204. Let t = 3 - 1. What are the prime factors of t/1 + m/3?
19
Suppose 0 = -2*u - 2*o + 7200, -2*u + 279 + 6921 = -2*o. What are the prime factors of u?
2, 3, 5
Let p = -9 + 9. Suppose 3*j + 20 = 5*t, p = -3*j + 4*t - 16. Suppose d - 10 + 2 = j. What are the prime factors of d?
2
Suppose 2*y = 6, -3*y = -2*z - 13 + 4. Suppose -3*c - 9 = z, r - 129 = -3*c + 8. What are the prime factors of r?
2, 73
Let x = 1883 - 978. List the prime factors of x.
5, 181
Let k(s) = 4 + 2 + 6*s - 6 - 2. Let b be k(1). Let u(w) = w**2 + 5. What are the prime factors of u(b)?
3, 7
Let b = -237 - -597. List the prime factors of b.
2, 3, 5
List the prime factors of 413392/144 - 6/(-27).
3, 11, 29
Suppose -24*r + 20313 = 2145. List the prime factors of r.
757
Suppose m + 2 = 2*m. Let t be -1*(-28)/8*m. Suppose 5*r = 128 + t. List the prime factors of r.
3
Suppose -3*b + y = -72, 4*y = 2*b + 1 - 49. Let s = -19 + b. Suppose 0 = s*q - 6*q + 51. What are the prime factors of q?
3, 17
Suppose -5*k + 8 = -k. Let n be 3/(k + (-44)/20). Let x = n - -29. List the prime factors of x.
2, 7
Suppose -181 = 3*g + 2*q, -2*g - 297 = 3*g + q. Let m = 15 - g. List the prime factors of m.
2, 37
Suppose 0 = -10*k + 8*k - 54. Let f = k - -135. List the prime factors of f.
2, 3
Suppose -12*p + 2006 = -8*p + 2*i, -4*p - 4*i = -2008. List the prime factors of p.
3, 167
Suppose 3*f - 8*f = -1435. Let l = -109 + f. What are the prime factors of l?
2, 89
Suppose -5*z = 9*z - 6118. List the prime factors of z.
19, 23
Let c = -13 - -18. Suppose 3*l + 2*n + 8 = 0, 4*l - 2*l + c*n + 9 = 0. List the prime factors of 9 + l/(1 - -1).
2
Let i(u) = -2*u + 10. Let y be i(5). Suppose -m + 6 + 49 = y. Suppose -164 = -3*g + p, -p + m = g - 5. What are the prime factors of g?
2, 7
Let d(f) = 3*f**2 + 7*f. Let i be d(21). Suppose g - i = -9*g. List the prime factors of g.
3, 7
Suppose 0 = 7*u + 236 - 201. Suppose 4*m + 98 + 92 = n, 2*m + 986 = 5*n. List the prime factors of (-6)/(-15) - n/u.
2, 5
Let x(a) = -a**2 + 11*a + 19. Let r be (-34)/(-4) + (-13)/26. Let f be x(r). Suppose 4*c - f - 29 = 0. List the prime factors of c.
2, 3
What are the prime factors of (18 + (-10 - -20))*(-183)/(-2)?
2, 3, 7, 61
Let j = 2506 + -1495. What are the prime factors of j?
3, 337
Let k(b) be the third derivative of b**6/120 - 3*b**5/20 - b**4/24 + 11*b**3/6 + b**2. Let g be k(9). Suppose z + g*z = 96. What are the prime factors of z?
2
List the prime factors of 276 - -1*(-2)/(-2).
277
Let m(w) = -w**3 + 6*w**2 + 7*w + 4. Let j be m(7). Let y be (-3 - 1)/j + -2. List the prime factors of 0 + y + 3 + 20.
2, 5
Suppose 0*o + 2*o = 8. Suppose -5*p - 3 = -o*y + 4, -p - 13 = 5*y. What are the prime factors of 20 - -3*y/6?
19
Let l = -9 - 5. What are the prime factors of 3 + (-3975)/(-35) - 6/l?
3, 13
Suppose -7*k + 108 = -4*y - 3*k, 2*k = -2*y - 58. Let v = y - -31. Suppose v*f + 4 = 70. List the prime factors of f.
2, 11
Let y be 2/(-6) - 364/(-12). Suppose 100 = 24*l - 22*l. Let b = l - y. List the prime factors of b.
2, 5
Suppose -168 = -2*x + x. Suppose 3*f = -4*z + 168, -3*z = 3*f + 2*z - x. Suppose -b + 2*u + 55 - 4 = 0, -3*u + f = b. List the prime factors of b.
53
Let s = 1 + 1. Suppose 0 = -q + h - 0*h + 13, s*q - 36 = -3*h. Suppose 2*y - q - 7 = 0. List the prime factors of y.
11
Suppose 6*k - 18127 = 12335. What are the prime factors of k?
5077
Let c = 171 + -49. Let o = c + -66. Suppose 5*m = m + o. List the prime factors of m.
2, 7
Suppose -7585 + 699 = -22*n. List the prime factors of n.
313
Let l be (2 - (-140)/(-49))/(2/(-672)). Let k = -93 + l. What are the prime factors of k?
3, 5, 13
Let f = -15 - -23. Suppose 3*y + 10 = f*y. What are the prime factors of y?
2
Suppose -8 + 5 = -f. List the prime factors of 7 - (-2 + (f - 5)).
11
Let n = -554 + 262. Let w = -142 - n. What are the prime factors of w?
2, 3, 5
Let s = 9 - 10. Let m be (2 + s)/((-4)/20). List the prime factors of ((-1)/(-3))/(m/(-375)).
5
Let o(h) = -h**3 - 3*h**2 + 7*h - 6. Let i be o(-6). Let s be (i/(-24))/((-2)/4). Suppose -s*j - 34 + 144 = 0. List the prime factors of j.
2, 11
Suppose 0*p - 3*p = -3. Let s be (0 - (-13 - -1))*p. Let h(z) = -z**2 + 12*z + 2. What are the prime factors of h(s)?
2
Suppose 0 = -3*v - 5*j + 29, 0 = -2*v - 6*j + j + 26. Suppose 3*d - 19 = -3*g + g, -13 = g - v*d. Suppose 6 = g*s - 20. List the prime factors of s.
13
Suppose u - 13 - 6 = -w, 2*w + 10 = u. Let y be 152/u*(4 - 2). Let x = -16 + y. List the prime factors of x.
3
Let t be (-2)/(4/(-8)*(-12)/45). List the prime factors of 7/((-14)/t)*8/12.
5
Let w = 7378 - 4768. What are the prime factors of w?
2, 3, 5, 29
Suppose -4 = -2*n - 0*n. Let j(q) = -q**3 + 4*q**2 - 1. Let h be j(n). List the prime factors of (18/7)/(1/h).
2, 3
Let h be (-7)/42 + 26/12. Suppose -h*y = -3*d - 2*d + 245, 3*d - 178 = -5*y. List the prime factors of d.
3, 17
Let l be (52/(-5))/((-2)/15). Let f = 85 - 35. Let m = l - f. What are the prime factors of m?
2, 7
Let l = 10 + -12. List the prime factors of (2/(-5))/(l/70).
2, 7
Suppose -4*s - 4*b + 10184 = 0, s - 3*b - 2540 = -7*b. List the prime factors of s.
2, 7, 13
Suppose 0 = 5*j + 2*c - 9568, 6*c + 9567 = 5*j + 9*c. What are the prime factors of j?
2, 3, 11, 29
Suppose 32*u - 23457 = 62655. List the prime factors of u.
3, 13, 23
Let m be 2*(-1)/(-4)*26. Suppose -142 = -4*h + 2*j, h - 21 = 2*j + m. Let a = -9 + h. What are the prime factors of a?
3
Suppose -2*p + 24 = -0*p - 4*t, 4*t + 20 = 0. Suppose -4*j - p*v = -288, 2*j + v - 150 = -3*v. What are the prime factors of j?
71
Let y(l) = 92*l**3 + 2*l**2 - 1. Let f = -47 - -48. What are the prime factors of y(f)?
3, 31
Let j(n) = 61*n**2 - 7*n + 8. List the prime factors of j(1).
2, 31
Let s = -229 - -410. Let i = s - 57. List the prime factors of i.
2, 31
Let f be (-5 - -3) + (19 - 3). Let h = -9 - f. Let s = 47 + h. What are the prime factors of s?
2, 3
Suppose p - r = -4*r + 196, r = 5*p - 980. What are the prime factors of p?
2, 7
Let z = 117 - -346. List the prime factors of z.
463
Suppose 2*t - 2386 - 562 = -2*y, 3*t = -4*y + 4419. What are the prime factors of t?
7, 211
Suppose -40*c + 35*c = 570. What are the prime factors of 4*((-4)/(-12))/((-4)/c)?
2, 19
List the prime factors of 23 + 345 + ((-15)/(-3) - 3).
2, 5, 37
Let n = 18 + -29. Let h be (n + 10)/((-1)/3). Suppose 9*r = h*r + 42. List the prime factors of r.
7
Suppose -12 = -5*y - 2*w, y - 3*w = -2*y + 3. Suppose y*i + 3*i = 65. List the prime factors of i.
13
Suppose 0 = -r + 4 + 2. Let f(y) = r*y + 5*y - 7 - 14*y. List the prime factors of f(-7).
2, 7
Let c(g) = -16*g - 6. Let t be c(5). Suppose 0 = 38*f - 44*f - 42. List the prime factors of t/f + 6/(-21).
2, 3
Suppose 0 = 14*t - 145 + 5. Suppose -t*x + 1984 = -796. What are the prime factors of x?
2, 139
Suppose 5*w + 3 + 7 = 0. Let t(s) = s**3 - 2*s**2 + s + 2. Let v be t(3). Let g = w + v. What are the prime factors of g?
2, 3
Let i = 9769 + -4988. List the prime factors of i.
7, 683
Suppose -3*j - 27 = -3*y, -3*y + 0*j + 33 = -j. List the prime factors of (-3)/(y/20) + 248.
3
Suppose 178 = -2*m - 5*o, 5*m + 43 = 4*o - 336. Let f = -24 - m. What are the prime factors of f?
5, 11
Let l = -2875 + 7399. What are the prime factors of l?
2, 3, 13, 29
Let p = -19 - -48. Let m = -25 + p. What are the prime factors of m?
2
Suppose 55*b + 43432 = 63*b. What are the prime factors of b?
61, 89
Let v = -5486 + 9918. List the prime factors of v.
2, 277
Suppose o = 3*o - j - 7, 9 = -3*j. Suppose o*t - 90 = 12. What are the prime factors of t?
3, 17
Let p(u) = 58*u**3 - 2*u**2 - 2*u - 1. Let n(c) = -c. Let i(l) = -4*n(l) + p(l). List the prime factors of i(1).
3, 19
Let n = 567 + 10. List the prime factors of n.
577
Let g = 1424 - 527. What are the prime factors of g?
3, 13, 23
Suppose 3*b = 2*s + 1685, -5*s = -4 - 6. List the prime factors of b.
563
Let l(c) = 71*c**3 - 2*c**2 + 3*c - 1. Let s be l(2). Suppose -3*m + 2*m = -3*d - 191, 3*m - s = 5*d. List the prime factors 